 a multiple of 1449?
False
Does 31 divide 99016728?
True
Is 4690747535 a multiple of 29?
True
Is 7937398 a multiple of 465?
False
Is 318 a factor of 121858735?
False
Does 998 divide 21626531?
False
Is 952896228 a multiple of 8944?
False
Is 11 a factor of 64294693?
False
Is 1077888 a multiple of 4?
True
Is 19 a factor of 47157468?
True
Is 142925798 a multiple of 560?
False
Does 20 divide 146608280?
True
Is 360013230 a multiple of 9?
True
Is 37085620 a multiple of 260?
True
Is 237 a factor of 293873364?
True
Is 17 a factor of 450467923?
False
Is 9 a factor of 58287859?
False
Does 8 divide 23373892?
False
Does 30 divide 76467060?
True
Does 51 divide 607920?
True
Is 1768 a factor of 107400696?
True
Does 214 divide 8325285?
False
Is 2418462648 a multiple of 252?
True
Does 174 divide 7077185?
False
Is 2317592858 a multiple of 8?
False
Does 9 divide 53362377?
True
Does 282 divide 137930248?
False
Is 378411812 a multiple of 30?
False
Is 121494224 a multiple of 40?
False
Is 20400120 a multiple of 40?
True
Does 2793 divide 9149405?
False
Does 178 divide 13818674?
True
Is 150 a factor of 2062350?
True
Does 6045 divide 410047704?
False
Is 25528265 a multiple of 12?
False
Is 6 a factor of 185394102?
True
Is 92001585 a multiple of 45?
False
Is 13 a factor of 1408953?
True
Does 10 divide 18013238?
False
Does 24 divide 687929543?
False
Is 62548058 a multiple of 1171?
False
Is 83901058 a multiple of 542?
True
Is 6 a factor of 27366659?
False
Is 339 a factor of 201118869?
True
Is 203531818 a multiple of 917?
True
Is 67 a factor of 50354269?
False
Is 4033701303 a multiple of 512?
False
Is 15 a factor of 1210297560?
True
Is 800962148 a multiple of 41?
False
Is 487 a factor of 18886180?
False
Is 50 a factor of 444600?
True
Is 32642836 a multiple of 235?
False
Is 440 a factor of 115793920?
True
Is 223020328 a multiple of 92?
True
Is 76534396 a multiple of 11?
False
Does 2081 divide 2667292893?
False
Is 2488 a factor of 206682845?
False
Is 488541601 a multiple of 2530?
False
Does 11 divide 48117560?
False
Is 53934660 a multiple of 27?
True
Is 748380111 a multiple of 53?
False
Is 6085 a factor of 513459137?
False
Does 4491 divide 1503584538?
False
Does 11 divide 41642878?
False
Is 1622168 a multiple of 37?
False
Is 22832615 a multiple of 11?
False
Is 4 a factor of 2824832?
True
Is 54452888 a multiple of 242?
False
Is 12 a factor of 464452056?
True
Does 456 divide 275924620?
False
Is 99 a factor of 1066597441?
False
Is 94435945 a multiple of 131?
False
Is 7011 a factor of 2225459664?
True
Is 65121495 a multiple of 1576?
False
Is 2572 a factor of 70682926?
False
Does 616 divide 166616296?
True
Is 4 a factor of 307324344?
True
Is 169 a factor of 74128324?
False
Does 763 divide 964135749?
False
Is 667 a factor of 175433006?
True
Does 27 divide 6622944?
False
Does 3 divide 4307788?
False
Does 108 divide 51586848?
True
Is 17711625 a multiple of 1095?
True
Is 3575572786 a multiple of 134?
True
Is 62987925 a multiple of 2?
False
Is 2618 a factor of 1699607705?
False
Does 3 divide 1278199?
False
Does 43 divide 66396171?
True
Does 7 divide 96283905?
False
Is 343252268 a multiple of 1564?
False
Is 59485749 a multiple of 75?
False
Is 2358 a factor of 383488614?
True
Does 1929 divide 60863808?
True
Is 21 a factor of 531812025?
False
Does 234 divide 1930762762?
False
Is 1116180 a multiple of 81?
True
Does 176 divide 482736685?
False
Is 14 a factor of 585534513?
False
Is 19982545 a multiple of 11?
True
Is 571759520 a multiple of 40?
True
Does 11474 divide 2205853552?
True
Is 7333851 a multiple of 119?
True
Is 74 a factor of 284728098?
True
Is 129347680 a multiple of 352?
True
Is 30637911 a multiple of 35?
False
Is 13 a factor of 126041981?
True
Is 224934735 a multiple of 27?
False
Is 549 a factor of 65644479?
True
Is 91 a factor of 9395450?
False
Is 1041 a factor of 17588736?
True
Does 27 divide 51202514?
False
Does 10 divide 410996541?
False
Is 68 a factor of 272032116?
False
Is 49853831 a multiple of 29?
False
Is 2620132011 a multiple of 283?
True
Is 1555078229 a multiple of 31?
False
Does 1633 divide 343261499?
True
Is 3701311911 a multiple of 1773?
False
Does 13 divide 138606409?
False
Does 10 divide 26378372?
False
Is 5146036 even?
True
Is 13134700 a multiple of 950?
True
Is 988 a factor of 1719536890?
False
Is 74635845 a multiple of 89?
True
Is 17 a factor of 159638619?
True
Is 34755600 a multiple of 24?
True
Is 88 a factor of 917305048?
True
Does 15 divide 127916340?
True
Is 1026207309 a multiple of 57?
True
Does 6332 divide 3155129093?
False
Is 76996404 a multiple of 18?
True
Is 552 a factor of 70305425?
False
Is 152048384 a multiple of 64?
True
Is 45269560 a multiple of 20?
True
Is 60 a factor of 527318702?
False
Is 824 a factor of 349044752?
True
Is 71703904 a multiple of 105?
False
Is 11447046 a multiple of 117?
True
Is 14 a factor of 186020227?
False
Is 3748962 a multiple of 14?
True
Does 2 divide 2535042?
True
Is 2720 a factor of 141154400?
True
Does 6 divide 20167014?
True
Is 491 a factor of 747793?
True
Is 15410380 a multiple of 18?
False
Does 45 divide 102790029?
False
Is 621665011 a multiple of 186?
False
Is 256 a factor of 136110080?
True
Is 1828443074 a multiple of 97?
False
Is 24 a factor of 60154928?
False
Is 69192896 a multiple of 188?
False
Is 39337100 a multiple of 121?
True
Is 3187611 a multiple of 7?
True
Is 37436298 a multiple of 237?
False
Is 15 a factor of 48566971?
False
Is 83735662 a multiple of 409?
False
Is 9226865 a multiple of 89?
False
Does 239 divide 14665730?
False
Is 18 a factor of 4735067?
False
Is 5330916 a multiple of 2382?
True
Is 35114560 a multiple of 213?
False
Is 1631 a factor of 943830342?
True
Does 935 divide 551367506?
False
Does 207 divide 4876713?
True
Is 136389740 a multiple of 112?
False
Is 32201488 a multiple of 1936?
True
Does 68 divide 37170669?
False
Is 38 a factor of 403795796?
False
Does 43 divide 2564821?
True
Is 11 a factor of 384486608?
True
Is 724498551 a multiple of 870?
False
Does 2544 divide 7433685024?
True
Is 508695920 a multiple of 8?
True
Is 474 a factor of 83278956?
True
Is 1704 a factor of 307149408?
True
Is 31 a factor of 1789684126?
True
Does 493 divide 586942629?
True
Is 185275860 a multiple of 70?
True
Is 2589439725 a multiple of 87?
True
Does 2 divide 597311?
False
Is 1778219975 a multiple of 1141?
True
Does 3 divide 123791871?
True
Is 24 a factor of 29670803?
False
Is 1270 a factor of 68666766?
False
Is 73 a factor of 469313192?
False
Is 5 a factor of 525869518?
False
Does 231 divide 899069934?
False
Is 78792141 a multiple of 619?
False
Does 6286 divide 156716266?
True
Does 6 divide 3275272?
False
Is 801444719 a multiple of 866?
False
Does 294 divide 37652580?
True
Does 34 divide 17838814?
True
Is 851081175 a multiple of 87?
False
Is 127 a factor of 1707388?
True
Is 312174 a multiple of 14?
False
Does 30 divide 21705990?
True
Is 66984028 a multiple of 11?
False
Is 315 a factor of 1180144980?
True
Is 276492247 a multiple of 3478?
False
Does 107 divide 35501520?
False
Is 316547048 a multiple of 21?
False
Is 65274370 a multiple of 70?
True
Is 399056220 a multiple of 108?
True
Is 107 a factor of 15566253?
True
Is 122557236 a multiple of 13?
False
Is 828 a factor of 5682564?
True
Does 174 divide 926898?
True
Is 111 a factor of 44290887?
True
Is 77 a factor of 2121776806?
False
Is 13 a factor of 3164998672?
False
Is 101141352 a multiple of 92?
False
Is 10910560 a multiple of 37?
True
Is 19003735 a multiple of 50?
False
Does 2038 divide 216631248?
True
Does 153 divide 42498492?
False
Is 428810357 a multiple of 19?
False
Is 2 a factor of 20730990?
True
Is 23 a factor of 33018156?
True
Is 12 a factor of 21227676?
True
Is 10732344 a multiple of 2?
True
Is 1857435786 a multiple of 159?
False
Does 28 divide 49754320?
True
Does 24 divide 428977106?
False
Does 32 divide 3500340?
False
Does 2 divide 22623318?
True
Is 12550824 a multiple of 264?
True
Is 769 a factor of 312462387?
True
Is 313866189 a multiple of 1547?
True
Does 5 divide 3968459?
False
Is 2 a factor of 124268870?
True
Does 598 divide 769875702?
False
Is 957174694 a multiple of 6?
False
Is 184587105 a multiple of 85?
True
Does 3856 divide 5416939648?
True
Is 4 a factor of 1493469272?
True
Is 239 a factor of 384658420?
False
Is 12806814 a multiple of 1